*x + 32, 3*x - 5*m - 48 = 0. Let h = x + -24. Let n be c(h). Let a(s) = s**3 - 3*s**2 - 2*s + 2. What is a(n)?
10
Suppose 0 = -7*x + 2*x + 15. Suppose -6*s + 6 = -x*s. Let j(i) = 0 + 8*i - i**s - 12 + 2*i**2 + 5. What is j(-9)?
2
Suppose -2*v = 2*v - 20. Let i(l) = -10*l**2 + 12*l - 11. Let c be i(1). Let r = v + c. Let m(y) = -y**3 - 3*y**2 + 2*y - 3. What is m(r)?
5
Let o(g) be the second derivative of g**4/12 - g**3/3 - 8*g**2 + 1621*g. Calculate o(6).
8
Let s(r) = 3*r**3 - 17*r**2 + 8*r - 19. Let w(a) = -230 + 4*a - 8*a**2 + 221 + a**3 + 0*a**3. Let g(t) = 2*s(t) - 5*w(t). What is g(-6)?
31
Suppose 249 + 101 = 7*c. Suppose 17*b - 16 + c = 0. Let a(k) = 16*k + 3. What is a(b)?
-29
Let v(n) = n - 185 + 0*n + 362 - 192. Determine v(28).
13
Let m(c) = -13*c**2 - 1. Let d = -301 - -307. Let r(h) = 11*h**2 + 1. Let j(f) = d*m(f) + 7*r(f). What is j(1)?
0
Let c(h) = -55*h - 9*h**2 + 0 + 49*h + 5 - 4. Let x(s) = 2*s**2 - s. Let v(d) = -c(d) - 4*x(d). Give v(-5).
-26
Let o(x) be the first derivative of -x**3/3 - x**2/2 + 35*x + 13726. Calculate o(6).
-7
Let b(w) = -w**2 + 11*w + 2. Let y be 5/((-19)/(-7) - (-17 + 19)). What is b(y)?
30
Let o(s) = 2*s + 3*s**2 - 2 - 3 - 4*s**2 - 2 + 5. Suppose -53 = -5*g - 43. Give o(g).
-2
Let u(i) = -26*i**3 + i**2. Suppose -699 = -7*p + 288. Let d = -142 + p. Calculate u(d).
27
Let i(a) be the first derivative of a**4/2 + 32*a**3/3 - a**2 - 20*a + 3025. Give i(-16).
12
Let s(i) = 122*i**2 - 54*i - 16. Let z be s(7). Let r(o) = z*o**2 - 2*o - 2 - o**3 - 5588*o**2 - 2*o. Give r(-4).
14
Let f(z) = -166*z + 160. Let n be f(1). Let p(v) = -7*v - 59. What is p(n)?
-17
Let j be (2/(-5))/(13/65). Let k(g) = 2 + 0 + g - 5*g + 7*g - 5*g**2. Let f(i) = i**2. Let a(t) = 6*f(t) + k(t). Calculate a(j).
0
Let o(i) = -13*i + 3. Let f be 4 - (-6 + -360 - -7). Let u be (-1023)/f - (-4)/(-22). Give o(u).
42
Let s(d) = 4*d**2 + 27*d - 44. Suppose 5*o + 10*u + 90 = 0, o - 3*u - 12 + 5 = 0. Calculate s(o).
-4
Let s be 2/4*(13 - 3). Suppose 5*z - 4*z - 2*o - 10 = 0, 24 = 4*z - 4*o. Let d(f) = 47*f**2 - 3*f**3 - 23*f**2 + 2*f - 6 + 4*f**3 - 29*f**z. Determine d(s).
4
Let n(i) = -2*i**2 - 721*i - 1443. Let t be n(-2). Let o(j) = -j**3 - 8*j**2 + 6*j - 12. Give o(t).
15
Suppose 0 = -p - 5*x - 210, 764 = -4*p - x - 0*x. Let t = p + 185. Let s(d) be the third derivative of -d**5/30 - 7*d**4/24 - d**3/2 + d**2. Give s(t).
-18
Let b(k) = -k**3 + 10*k**2 - 8*k - 13. Suppose 5*j = 4*z - 855, 2*j = 5*j - 3*z + 510. Let y = j + 184. Give b(y).
-4
Let y(p) = p**2 - 3*p + 3. Suppose -31 + 7 = -8*d. Suppose 0 = 4*h + 4, -50 = -4*r - d*h - 5. Suppose -r = 13*l - 16*l. What is y(l)?
7
Let k(r) = -r**2 + 5*r. Let f = 188 - 165. Suppose 18 = 26*q - f*q. Calculate k(q).
-6
Let n(c) = c**3 - 17*c**2 + 32*c + 16. Let z be 3 + (0 + 4/4)*12. Let i be n(z). Let t = -45 + i. Let j(q) = -q**2. Calculate j(t).
-1
Let y(n) = 4*n + 13. Let k = 7131 + -7138. What is y(k)?
-15
Let u be (1 - 1 - 1) + 0. Let w(m) = m**3. Let o(y) = -3*y**3 + 9*y**2 + y + 9. Let h(q) = u*o(q) - 4*w(q). Let z be h(-9). Let d(k) = -k + 1. What is d(z)?
1
Let s(l) = l + 1. Let d(g) = 6*g. Let f(k) = d(k) - 2*s(k). Suppose 0 = -5*j + 4*q + 246, -j + 0*j = -5*q - 66. Let a = -43 + j. Determine f(a).
10
Let x(z) = -z**3 - 5*z**2 - 5*z + 1. Let j = -53 + 56. Suppose -50 = j*d - 8*d. Suppose d = -9*b - 26. What is x(b)?
5
Let y(b) = 2*b + 6. Let x(m) = -4*m - 11. Let f(j) = -6*x(j) - 11*y(j). Let i = -166 + 165. Let c(n) = -1. Let p(h) = i*f(h) - 2*c(h). Determine p(-3).
8
Let j(y) = y**2 - 2*y - 21. Let m = 503 + -492. Suppose m*k = 10 + 56. What is j(k)?
3
Suppose 7 = 2*o - 23. Let v = 13 - o. Let x be 12*(v/2)/3. Let j(q) = q**3 + 3*q**2 - 6*q - 2. What is j(x)?
6
Let g(s) = -s. Let a(u) = -u**3 - 6*u**2 - u + 29. Let z be a(-6). Suppose -445*l + 452*l - z = 0. What is g(l)?
-5
Let r = 16 - 22. Let a(m) = -19*m**3 - 9*m**2 - 26*m + 3. Let f(z) = 25*z**3 + 10*z**2 + 33*z - 4. Let c(s) = -4*a(s) - 3*f(s). Calculate c(r).
-30
Let w(u) = u**2 - 6*u - 1. Let m = 177 - 106. Let n = m - 67. Suppose -4*g - 38 = -5*h - 0*g, 2*h = n*g + 20. What is w(h)?
-1
Let i(h) = -2*h - 23. Let n = 4132 - 4138. What is i(n)?
-11
Let z be (-800)/(-75) + 10/(-6). Suppose -z = 3*l - 3*i - 39, 5*l = -4*i + 32. Let o(p) = p**3 - 7*p**2 - 7*p - 5. Calculate o(l).
3
Let o(n) = 3*n + n**2 + 3 + 4*n + 2. Let u(c) = 2*c - 52. Let i be u(33). Let b be 10/35 + (-3 - 32/i). Calculate o(b).
-5
Suppose 6*j = -19 - 29. Let v(y) be the second derivative of -y**4/12 - 7*y**3/6 + 3*y**2/2 - 5144*y. Give v(j).
-5
Let y(f) = 5*f**3 - 3*f**2 + 11*f - 20. Let z(r) = -27*r**3 + 13*r**2 - 54*r + 99. Let w(c) = -11*y(c) - 2*z(c). Calculate w(6).
-20
Let o(b) = -24*b**3 - 75*b**2 - 287*b - 21. Let k(n) = -13*n**3 - 38*n**2 - 151*n - 10. Let w(c) = -11*k(c) + 6*o(c). Determine w(-30).
14
Suppose 0 = -0*n - 2*n. Let w(t) = 605*t + 605*t + 603*t - 1814*t - 32*t**3 + 9 + 31*t**3. Calculate w(n).
9
Let z(p) be the second derivative of p**5/60 + 5*p**4/12 + p**3/3 - 84*p**2 - 2*p + 53. Let u(i) be the first derivative of z(i). Calculate u(-7).
-19
Let a = -6 + 9. Let i(b) be the third derivative of b**6/120 - b**5/12 + b**4/24 + b**3 + 24*b**2 + 85*b. Determine i(a).
-9
Let x = -275 + 303. Suppose k = 5*o + 55, -31*k + x*k = 2*o + 39. Let u(l) = -2*l - 17. Calculate u(o).
7
Let h(o) = o**3 - 19*o**2 - 27*o - 22. Let l be h(21). Let v = -293 + l. Let w(y) = -y**3 + y**2 + y + 7. Calculate w(v).
7
Let v(d) = -d**3 - 11*d**2 + 11*d - 14. Let q be -1 + 34/22 + 276/(-22). What is v(q)?
-2
Let a = -29 - -30. Let k(y) = a + 9 - 5*y + 4*y + 7. Let r be (-2)/(-5) - 4/10. Give k(r).
17
Suppose 7 = -4*a + 23. Let t = 22 - a. Let l(y) = -2 - t*y + 5*y + 12*y. Determine l(4).
-6
Suppose -3*b + 4 + 0 = 2*p, 0 = -2*b. Let q(r) = -1272*r**3 + 4 + 1273*r**3 + 3*r - r + 5*r**p. Suppose -2*n - 2*h + 5 = -5*n, n - h = 0. What is q(n)?
-6
Let c(y) = y**3 - 5*y**2 + 2*y. Let t be 18/(-3)*(-220)/30. Let d = t - 40. Calculate c(d).
-8
Let g(a) = -8*a + 31. Let z(u) = -14*u + 50. Let w(i) = 5*g(i) - 3*z(i). Let o(v) = v**3 + 4*v**2 + 2*v - 1. Let s be o(-2). Let t = -1 - s. Calculate w(t).
-3
Let i be 4*(6981/(-325) + 20) - 2/25. Let v(z) = -z**3 + 8*z**2 + 86*z + 5. Determine v(i).
-7
Let r be ((-2)/10)/(((-836)/(-19))/(-11)). Let p(s) be the third derivative of r*s**5 - 29*s**2 - 1/12*s**4 + 0 + 0*s - 1/2*s**3. What is p(-2)?
13
Let h(c) = -c**3 - 4*c**2 + 2*c + 9. Let o be h(0). Let w be (64/(-24))/((-12)/o). Let i(t) = -22*t + 3. Calculate i(w).
-41
Let t(d) = d**2 + 8*d + 13. Let r(y) = -2*y**2 - 75*y - 502. Let k be r(-29). Determine t(k).
22
Let b = 37491 + -37497. Let i(o) = 3*o**3 + 3*o**2 - 5*o - 5. Let d(r) = -4*r**3 - 2*r**2 + 5*r + 5. Let m(l) = 2*d(l) + 3*i(l). Determine m(b).
-11
Let q(u) = -66 + 28 - 9*u + u**2 + 19 + 21 + 0*u**2. Give q(9).
2
Let r(t) = -3 - 11*t - 1 + 10*t**2 - 10*t**2 - t**2. Suppose -31*p + 144 = -47*p. Calculate r(p).
14
Let r(y) = -18*y**3 - 3*y**2 + 5*y - 3. Suppose 10 = 3*d + 23 - 16. Give r(d).
-19
Let y(h) = h**2 + 3*h + 7. Let j(p) = -2*p**2 - 7*p**3 - 3 + 6*p + 0*p**3 + 5*p**3. Let l be j(-3). Suppose -7*w + l = -10*w. What is y(w)?
17
Let o(g) = -5*g - 20. Suppose -3*s - 15 = 0, 60 = -3*l - 102*s + 96*s. Give o(l).
30
Let f(i) = -11*i**2 - 13*i - 60. Let k(d) = -3*d**2 - 5*d - 18. Let h(a) = 2*f(a) - 7*k(a). What is h(10)?
-4
Let j(n) = 2*n - 19. Suppose 0 = -5*w - 3*q - 36 - 6, -32 = 2*w + 5*q. Let m(d) = -2*d + 22. Let y(i) = w*m(i) - 7*j(i). Calculate y(3).
-5
Let r(n) = n**3 + 9*n**2 - 7*n + 37. Let g be (3/((-27)/(-12)))/(6426/405 + -16). Give r(g).
7
Let i = -5643 - -5642. Let w(d) = -10*d**2 - d - 1. Determine w(i).
-10
Let v(y) = -7*y**2 + 8*y - 4. Let i(w) = -20*w**2 + 25*w - 12. Let b(z) = -6*i(z) + 17*v(z). Give b(14).
4
Let f(d) = -2*d - 57. Let g(w) = 20*w + 512. Let n(u) = 28*f(u) + 3*g(u). Let a be n(17). Let x(t) = t**2 - 5*t - 11. What is x(a)?
13
Let b be 6 - (2 + -4) - 2. Suppose -17*r + 198 = -6. Let n(d) = 5 - d**2 + r*d + d**2 - d**2 - 8*d. Determine n(b).
-7
Let g(w) = -332*w - 369*w - 257*w + 828*w - 261. Give g(-2).
-1
Let f(v) = -4*v + 5. Let j(x) = -7*x + 11. Let q(c) = -7*f(c) + 3*j(c). Let h = 870200 + -870203. Determine q(h).
-23
Let p be (252/(-8))/(-9)*(-24)/(-28). Let o(s) = 0*s**2 + 8 